 - d - 2 = 0, 4*t + 4*d = -12. Let y(q) = 15*q**3 - q**2 - q + 1. Determine y(t).
14
Suppose -i - 19 = -2*b, -2*b - 16 = -4*b - 2*i. Let p(r) = -r + 2 - 3 - b. Let j be (0 + 0 + 0)/(-2). Determine p(j).
-10
Let f(g) = g - 4. Let k be ((-1)/(-2))/((-1)/6). Suppose -8 = -3*h - 4*x, 0 = 3*h - 2*x + 4. Let y = h + k. Calculate f(y).
-7
Let j(l) be the first derivative of l**3/3 - 3*l**2 + 4*l - 1. Suppose -26*a + 28*a = 8. Determine j(a).
-4
Let n be (-4)/(-22) - 3 - 2/11. Let h(w) = w**2 + 3*w - 3. Give h(n).
-3
Let d(c) = -c**2 + 4*c. Let t be -2*3/(-6)*3. Let g be 2/3 - (-10)/t. Calculate d(g).
0
Let y(a) be the second derivative of -a**3/6 - 3*a**2/2 + 9*a. Give y(-4).
1
Suppose 4*k - 3*b - 13 = 0, 12 = -4*b - 0*b. Let i(o) = -o + 6. Let p be i(0). Let q(z) = p - k - z + 0 - 1. Determine q(5).
-1
Let c be 3*((-1)/(-4) - (-92)/(-48)). Let k(g) = -g**3 - 6*g**2 - 6*g + 3. What is k(c)?
8
Let v = 225 + -228. Let a(y) = y**3 + 4*y**2 - 2. What is a(v)?
7
Let o(s) be the first derivative of s**4/4 + 2*s**3/3 - 2*s**2 - 2*s - 5. Calculate o(-3).
1
Let y(k) = k**2 + 4*k - 5. Let o be (-3)/6*(-32 - 0). Suppose -3*z - h + o = -4*z, 0 = 4*z - 2*h + 68. Let q = z + 13. What is y(q)?
0
Let b(c) be the second derivative of -1/2*c**2 + 1/2*c**3 - 3*c - 1/12*c**4 + 0. Let o(y) = y**2 - 7*y + 2. Let t be o(7). Determine b(t).
1
Let s(z) = -25 - 62*z**2 - 9*z + z**3 + 68*z**2 + 19. What is s(-7)?
8
Let g(o) = -o - 15. Let h be g(-15). Suppose h = 2*z - 4 - 2. Let s(j) = -j**2 + 3*j + 3. What is s(z)?
3
Suppose 0 = -6*s + 9*s + 12. Let w(a) = -a + 1. Calculate w(s).
5
Let b(g) = 2*g**2 + 4*g**2 + g**2 - 8*g**2 + 2 + 3*g. Calculate b(-2).
-8
Let g(h) = -h + 1. Let d = 13 + -4. Let c be (-14)/3*d/(-6). Give g(c).
-6
Let c(t) = 4*t**2 + 7*t + 4. Let z(p) = -7*p**2 - 13*p - 8. Let k(n) = 5*c(n) + 3*z(n). Let u(j) = -2*j**2 - 7*j - 8. Let r(g) = -7*k(g) + 4*u(g). Give r(0).
-4
Let p(u) = 2*u. Let h(t) = -t + 2. Let s be h(8). Give p(s).
-12
Let t(w) = w**2 + 4*w - 7. Let u be t(-6). Let i = 1 + u. Let c(q) = i*q - 3*q + 2*q + q**2 + 2. Give c(-5).
2
Let h(j) = -j**2 - 6*j. Let w(n) = -5*n + 0*n - n + n - n**2. Let q(t) = -4*h(t) + 5*w(t). Determine q(-1).
0
Let t be (-17 - -14) + 1 + 5. Let u(q) = -q**3 - 2*q**2 - q. Let v be u(-1). Let k(a) = v*a + 4*a - a**2 + 1 - a. Determine k(t).
1
Suppose 0*d = 5*d - 65. Suppose -5*m + d = -2*p - 5, 24 = 4*m - 4*p. Let r(w) = -4*w**m + 0 - 2 + 3*w**2 + 3*w. Calculate r(4).
-6
Suppose 4*l = l. Suppose -2*y + 5 - 15 = l. Let f(u) = -u**2 - 5*u - 1. Determine f(y).
-1
Suppose j + 2 = -5*w + 13, 0 = 3*j + 5*w - 3. Let m be j/3*(-24)/16. Let x(k) = -3*k**2 + 2*k + 1. Calculate x(m).
-7
Suppose 4*d = d + 12. Let s(r) = 4*r**3 + 9*r**2 + 15*r - 11. Let j(k) = -k**3 - 3*k**2 - 5*k + 4. Let b(y) = -7*j(y) - 2*s(y). Give b(d).
-2
Let u(c) be the second derivative of c**3/6 + 3*c**2 + 7*c. Calculate u(-6).
0
Let i(h) be the first derivative of -h**2/2 - 2*h - 11. Calculate i(-6).
4
Let x(h) = -h**2 + 6*h + 6. Suppose 3*m - m = 0. Suppose m*t + t - 10 = -4*w, -5*w = -5. Give x(t).
6
Let h(u) = u - 1. Let x be (-7)/2*6/3. Let v be h(x). Let c be (-11)/(-4) + (-2)/v. Let o(d) = d**2 - 3*d - 2. Calculate o(c).
-2
Let k(n) = 21*n - 11. Let y(q) = 4*q - 2. Suppose -4*d + 3*z - 7 = 0, 4*d - 5*z - 2 = -11. Let w be 2/1 + (-1 - d). Let a(x) = w*k(x) - 11*y(x). What is a(2)?
-4
Let r(o) = -o**3 - o - 7*o**2 + o + 6*o**2 + 1. Determine r(1).
-1
Let l(q) = -q**3 + 3*q**2 - 2*q + 2. Let a(k) = -k - 3. Let i be a(-6). Determine l(i).
-4
Let n(t) be the second derivative of t**3/6 - 5*t**2/2 + t + 24. Determine n(6).
1
Let i(r) be the third derivative of r**6/120 + r**5/20 + 5*r**4/24 + 2*r**3/3 + 13*r**2. Give i(-3).
-11
Let v(g) = g**3 - 10*g**2 + g - 15. Let q be v(10). Let x(w) = w**3 + 4*w**2 - 4*w + 4. What is x(q)?
-1
Let x(l) = -l**3 + 7*l**2 - 6*l + 5. Let h be x(6). Let g = h + -9. Let b(r) = r + r**2 + 3*r + 1 + 2*r. What is b(g)?
-7
Let u(k) = k**2 + k + 2. Let i(o) = -6*o**2 - 5*o - 9. Let j(a) = 2*i(a) + 9*u(a). Give j(1).
-4
Let s be ((-6)/9)/((-2)/18). Let f be (-21)/(-3) + 2*-1. Let w(y) = -f*y - 3*y - 7 + 2*y + y**2. Determine w(s).
-7
Let u(y) = -y**3 - y**2. Let j(b) = 4*b**3 + 1. Let n(v) = 9*v**3 + v**2 + 2. Let a(d) = -13*j(d) + 6*n(d). Let k(w) = a(w) + 4*u(w). Give k(-1).
3
Let t(w) = w**3 - w**2 - 2*w - 2. Let p(k) = -3*k - 21. Let s be p(-8). Calculate t(s).
10
Let u(b) be the first derivative of -b**3/3 - 5*b**2/2 - 4*b - 2. Let l be u(-4). Let a(q) = 2*q - 2 + l*q - q. Calculate a(-4).
-6
Let c(w) be the third derivative of w**6/360 + w**5/120 + w**4/12 - 3*w**2. Let h(s) be the second derivative of c(s). Calculate h(-4).
-7
Let k = -5 + 7. Let p(y) = -5 + y**3 + 13*y - 5*y**k - 13*y. What is p(5)?
-5
Let b = -392 - -389. Let v be 2/(-6) + (-20)/(-6). Let o(j) = 3 + 2 + 4*j - v*j. What is o(b)?
2
Let w(g) be the third derivative of 0*g - 1/120*g**6 + 1/2*g**3 + 1/15*g**5 - 3*g**2 + 0 - 1/6*g**4. Determine w(3).
0
Let m(o) = -o**3 + 5*o**2 + o + 5. Let s = -37 + 62. Suppose -5*r - 2*k + s = 0, 0*k = 5*r + k - 25. Give m(r).
10
Let o(y) be the second derivative of -y**5/60 - y**4/12 + y**3/2 - 3*y**2/2 - y. Let f(j) be the first derivative of o(j). Give f(-4).
-5
Let i = 24 + -19. Let p(x) = -x**2 + 7*x - 4. Calculate p(i).
6
Let s(o) be the first derivative of -o**3/3 + 2*o**2 - 2*o - 1. Suppose k + 2 - 5 = 0. Calculate s(k).
1
Suppose 32 + 4 = 4*j. Suppose 2*a + 1 = j. Let m(o) = -2*o + 0*o**3 + 2*o**3 - o**3 - a*o**2 + 5. What is m(4)?
-3
Let w(t) = 2*t - 11. Let v be w(8). Suppose 3 = 3*y - 6. Let m(h) = 0*h**2 - h**2 + 6*h**3 - 3*h**2 - 4*h + 1 - 5*h**y. What is m(v)?
6
Let d = 61 - 57. Let t(m) = -m**3 + 4*m**2 - m - 1. Give t(d).
-5
Let q(z) = -28*z - 1. Let n(l) = 140*l + 6. Let r(s) = 2*n(s) + 11*q(s). Calculate r(1).
-27
Suppose 0 = 5*g - 0 + 5. Let x(a) be the first derivative of -17*a**3/3 + a - 188. What is x(g)?
-16
Let o(u) = -u**3 + 2*u**2 + 2*u + 1. Let r(x) = x - 3 - 2 + 0. Let s be r(4). Let b(c) = 2*c + 1. Let f be b(s). Calculate o(f).
2
Let o(u) be the first derivative of -11*u**4/4 - 2*u**3/3 + u**2/2 + 18. Suppose l = 6*l + 4*g + 11, -10 = -2*l + 2*g. Calculate o(l).
-12
Let c(d) = -d**2 + 5*d - 2. Let q be c(4). Let k(w) = 0*w**3 - w**3 + 7*w**q - 3*w**2 + w. Determine k(4).
4
Let s(f) be the second derivative of -f**6/720 - f**5/120 + f**4/12 - 3*f. Let p(b) be the third derivative of s(b). Calculate p(-1).
0
Suppose 2*m - 7 + 3 = -2*a, 4*m = 4*a - 16. Let i(g) = -g**3 + 5*g**2 - 4*g - 1. Determine i(a).
5
Let w(r) = -3*r - 6. Let j be w(-4). Let d(b) = -b**3 + 6*b**2 + 2*b - 9. Calculate d(j).
3
Let s(f) be the first derivative of -f**2/2 - 14*f + 1. Calculate s(-6).
-8
Let b(m) = 3*m**2 + 6*m + 1. Let i be b(-4). Let d = -13 + i. Let v = -7 + d. Let q(p) = -2*p + 4. Calculate q(v).
-6
Let r(o) = -o + 3. Let k be r(4). Let l(n) be the second derivative of -n**6/144 + n**4/12 - n. Let f(c) be the third derivative of l(c). Give f(k).
5
Let d be 32/6 + (-4)/(-6). Let o(p) = p**3 - 6*p**2 - 5*p + 3. Let l(b) = -b - 1. Let s(h) = -4*l(h) + o(h). Give s(d).
1
Let c(l) be the third derivative of -l**6/120 - l**5/10 - l**4/4 - l**3/3 - 7*l**2. Calculate c(-5).
3
Let u(j) = j**3 + 4*j**2 - 4*j + 1. Let t(d) = -3*d**3 + d**2 + 2*d**3 + 4*d**3 - d - 2*d**3. Let k(q) = 4*t(q) - u(q). Determine k(-1).
-4
Let d = -8 + 5. Let w(f) = -3*f - 4 + 8 + 7*f - 2. Determine w(d).
-10
Let g(u) = 2*u**3 + u**2 - 2*u + 1. Suppose 0 = s - 2*d - 21, 2*s = -3*d + 19 + 2. Let h be 2/3 - (-5)/s. Determine g(h).
2
Let g(k) = -5*k - 5. Let y be g(-4). Let b be y/6*12/(-10). Let u = -5 - b. Let d(z) = z**3 - z**2 + 2. Give d(u).
-10
Let p(b) = -b - 8. Let t be p(-10). Suppose 4*g - 2*g = -2*s + 12, -3*g + 6 = -s. Let w(u) = g + u - t + 5. Determine w(-4).
2
Let u(s) = -s**2 + 6*s - 3. Let g be u(5). Let x(n) = 3*n + 2*n + 9*n**2 - g - 8*n**2. Determine x(-7).
12
Let i(t) be the third derivative of t**4/24 - t**3/3 + 7*t**2. Suppose 0 = 4*a + 3*b + 30, -2*a + 2*b = -a + 2. Determine i(a).
-8
Let n be (2/3)/(6/36). Let i(j) = -6*j**2 + n*j**2 + 0*j**2 + 1. What is i(-2)?
-7
Let i(j) be the first derivative of -5 + 1/4*j**4 - 2*j - 1/3*j**3 - 1/2*j**2. Determine i(2).
0
Let o(z) = -z**2 - 4*z + 4. Suppose -29*a = -26*a + 12. Deter